*2?
1
Let s(r) = 2*r - 6. Let h be s(8). Suppose -l + 2*l = h. What is the units digit of l?
0
Suppose a - 4*a - 32 = -j, 2*a + 3*j + 14 = 0. Let o = 15 + a. What is the units digit of o?
5
Suppose -10*l + 360 + 500 = 0. What is the units digit of l?
6
Let t(l) = -2*l**3 - 11*l**2 - 3*l + 6. What is the units digit of t(-8)?
0
Let o be 21/14*4/3. Suppose 51 = 5*d - o*d. What is the tens digit of d?
1
Suppose -4*k + 28 = -8*k - 4*l, 2*l - 41 = 3*k. Let c = k + 15. Suppose 4*p + 0*p + 4 = c*n, p + 7 = 3*n. What is the units digit of p?
2
What is the tens digit of 5/((-10)/(-4)) - -11?
1
Suppose 5*f - 9 = 11. Suppose -3*n + f*n - 1 = 0. Let s = 7 - n. What is the units digit of s?
6
Suppose 0 = 2*o - o + 4, -j + 2*o = -33. Let n = j + -2. What is the tens digit of n?
2
Let p(c) = -c**3 - 5*c**2 - 2*c - 6. Let d(l) be the first derivative of -l**3/3 + 5*l**2/2 + l + 1. Let j be d(6). What is the units digit of p(j)?
4
What is the units digit of (-1 - 2) + 0 + 28?
5
Let r be -1*1*10/(-2). Suppose r*p = -5*z + 25, 4*p - 3*p - 4*z = 0. Let t = 5 - p. What is the units digit of t?
1
Let y(n) = 4 - 6 - 2*n**2 + 1 + 2*n - n**3 + 2. What is the units digit of y(-3)?
4
Let g(u) = u**3 - 4*u**2 + 2*u - 1. Let p be g(4). What is the units digit of 9/3 - -5*p?
8
Suppose -12 = -2*u + 48. Suppose -u = -2*y + y. Let l = y - 15. What is the units digit of l?
5
Let x(s) = -s**2 + 16*s - 18. What is the units digit of x(12)?
0
Let a(t) = -2*t**3 + 7*t**2 + 3. What is the units digit of a(3)?
2
Let h be 2*-1 - (-10)/2. Suppose -2*t = -4*t + 8, 76 = -4*m - 2*t. What is the units digit of (4/h)/((-14)/m)?
2
Suppose -3 - 12 = -3*f, -3 = 3*s - 3*f. What is the units digit of s?
4
Suppose -o = -5*o + 136. What is the tens digit of o?
3
Let q = 47 - 20. Let l be (-52)/(-6) + 9/q. Suppose -l = 3*c, -2*y + 3*y - 7 = -c. What is the units digit of y?
0
Let n = -863 + 1277. What is the hundreds digit of n?
4
Suppose 5*w + 2*w = 735. What is the units digit of w?
5
Let b = -18 + 33. What is the tens digit of b?
1
Let j(s) = s + 7. Let q be j(6). Let h = q - 0. Suppose 4*o = 31 + h. What is the units digit of o?
1
Let q(a) = 0*a**3 + a + 0*a**3 - a**3 + 2*a**2. Let v be q(2). Suppose v*i = 2*d - 3*i - 42, -3*i - 23 = -d. What is the tens digit of d?
1
Let b = -3 + 9. What is the units digit of b?
6
Suppose 0 = 2*j - 3*i - 471, -2*j + 6*i - i + 473 = 0. What is the tens digit of j?
3
Let u be (2 - 2/2) + 33. Suppose -2*k = -50 - u. What is the units digit of ((-24)/k)/((-4)/14)?
2
Let q be 63/(-6) + (-2)/4. Let s = q + 9. What is the units digit of s/(-9) - (-140)/18?
8
Let r(k) = 2*k - 4. Let s(d) = 2*d - 7. Let g be s(6). Let l be r(g). Let j = 17 - l. What is the units digit of j?
1
Let s be ((-5)/((-15)/(-6)))/(-1). Suppose 0 = -5*g + 5*a, -8 - 6 = -s*g - 5*a. What is the units digit of g?
2
Let a(s) = s + 10. Let p be a(-7). Suppose -7 - p = -2*d. Suppose 30 = 3*i - 3*j, 0 = -d*i - 3*j + 6 + 12. What is the units digit of i?
6
Let b(j) = -j**2 + 14*j + 14. What is the units digit of b(7)?
3
Let x = 127 - 60. What is the units digit of x?
7
Suppose 56 = 5*z - 3*z. What is the tens digit of z?
2
Suppose 5*r + 2*v + 7 = 0, r + 4*v - 3 = -8. What is the units digit of (-4 + 1)/r + -2?
1
Let n(t) = t**2 - 5*t - 11. Suppose -v + 16 = 2*z, 3 = z - v - 2. Suppose -4*j = -2*y - 5*j + 13, 5*j + z = -y. What is the tens digit of n(y)?
1
Suppose 4*c - 526 = 3*s, -5*c - 3*s - 140 + 784 = 0. What is the tens digit of c?
3
Let r = -5 + 8. Suppose r*a + 4*n - 54 = a, -90 = -3*a + 3*n. What is the units digit of a?
9
Suppose -2*r - 2*r - 2*m + 618 = 0, 5*r = m + 755. What is the tens digit of r?
5
Suppose 0 = -4*b + 7*b - 12. Suppose 3*k + 0 = 5*u - 10, b*u = 4*k. What is the units digit of k?
5
Suppose -3*q + 26 = -2*q. Suppose -3*n - 69 = -5*h, 5*n - q + 89 = 4*h. What is the tens digit of h?
1
Suppose -6*g + 2*g - 104 = 0. Let y = g - -47. What is the units digit of y?
1
Suppose 3*p = f - 14, 0*p - p - 13 = -2*f. Suppose f*n - t - 61 = 34, 5*n + t = 95. What is the tens digit of n?
1
Suppose 0 = 5*f + 25, 4*o + 2*f - 25 = 3*f. What is the units digit of 2 - (-2 + (o - 3))?
2
Let o = 0 - -6. Suppose -k - 3 = -o. Suppose 3 = 2*y + s, -s - 32 = -3*y + k*s. What is the units digit of y?
4
Suppose j = -5*d - 0 + 16, 0 = -j + 4*d - 2. Let z = j - -1. What is the units digit of z?
7
Let v(k) = k**2 + 6*k + 5. Let c be v(-5). Suppose c = 5*o - 8 + 3. Let a(u) = 6*u**2 - u + 1. What is the units digit of a(o)?
6
Let z be ((-4)/10)/((-4)/20). Suppose 5*i - z = 2*w - 3, -3*i + 5*w + 7 = 0. What is the units digit of i - -2*(-1 + 2)?
1
Suppose -4*v + 200 + 232 = 0. Let x be v/8 + (-1)/(-2). Suppose -4*k = -3*k - x. What is the units digit of k?
4
Let b = 18 + -21. What is the units digit of 4 + -8 - -25 - b?
4
What is the units digit of (2 - (0 + 2)) + (35 - -309)?
4
What is the hundreds digit of (-113)/(9 + -5 + (-9)/2)?
2
Let h be (8/(-6))/(4/(-18)). What is the tens digit of 39/h*4/2?
1
Let u(v) = 4*v. Let g be u(1). Let h = 5 + g. What is the units digit of h?
9
Let a(y) = -7*y + 14. What is the units digit of a(-6)?
6
Let h(j) = -j - 6. Let s be h(-9). Suppose 3*d - s*z = 0, -z + 10 = d - 0. What is the units digit of d?
5
Let r(y) = -4*y + 1. Let h be r(1). What is the units digit of (h/2)/((-4)/24)?
9
Suppose -4*z + 9 = -5*x - 4, 0 = -3*x - 15. What is the units digit of z/(-4 - -1 - -2)?
3
Suppose 77 = 4*m + 9. What is the units digit of m?
7
Suppose -j - 3*j + 4 = 0. Let k(t) = 0 + t**2 - 3 - j. What is the units digit of k(-3)?
5
Let h = -4 - -7. Suppose 4*l + 18 = 2*w, -3*l - h = w + 3. Suppose 0*r + 13 = 5*d - w*r, -4*d - 2*r = -6. What is the units digit of d?
2
Suppose -3*h + 3*j + 6 = 0, 3*j = -5*h + j + 3. Suppose 5*v + h = -4. What is the units digit of (-1)/v*9 - 1?
8
Let m be (6/(-4) + 2)*-4. Let y = m + 3. What is the units digit of y?
1
Let u(w) = -1. Let q(o) = -o. Let y(l) = q(l) - u(l). What is the units digit of y(-3)?
4
Let o(y) = -y**2 + 4*y - 10. Let s(p) = p + 2*p**2 + 41 + 3*p**2 - 18*p. Let g(j) = 9*o(j) + 2*s(j). What is the units digit of g(-6)?
6
Let b(j) = j**2 + 2*j - 4. Suppose -4*l + 27 = 5*k, l = -2*k - k + 12. What is the tens digit of b(k)?
1
What is the tens digit of 3*24 + 4 + -1?
7
Suppose -5*z + 32 = -118. What is the tens digit of z?
3
Let z = 224 + -135. What is the tens digit of z?
8
Suppose -5*l = -3*l - 12. What is the units digit of l?
6
Let w(h) = 22*h - 16. What is the units digit of w(7)?
8
Suppose -3*s + 26 = -25. Suppose -s = -i - 2. What is the tens digit of i?
1
Suppose 55 = 2*p + 3*f, 4*p + 0*f = -f + 85. Suppose p = 3*x - w, -x + w = 5*w - 11. Suppose x = 2*m - 7. What is the units digit of m?
7
Suppose -12*l + 9*l = -138. What is the units digit of l?
6
Let w(d) = -d**3 + 7*d**2 + 4*d - 3. What is the units digit of w(7)?
5
What is the hundreds digit of (4 - 2) + 104/1?
1
Let i be (-2)/(-6) + (-16)/12. Let u = 0 + i. Let n(c) = 3*c**2 - 2*c - 1. What is the units digit of n(u)?
4
Let y be ((-15)/30)/((-1)/22). Let o = y - -6. What is the tens digit of o?
1
Let a = 44 + -11. What is the units digit of a?
3
Suppose 5*x - 232 = x. What is the tens digit of x?
5
Suppose 9 = 4*p + 1. What is the units digit of (p + -1)*-3 - -12?
9
Suppose 10 = d + d. Suppose v = 0, -s - d*v + 10 = -17. Let j = -7 + s. What is the tens digit of j?
2
Let s(m) = -5*m + 160. What is the hundreds digit of s(0)?
1
Let o be (-2)/8*-4 - -7. Suppose 7*c = o*c - 27. What is the tens digit of c?
2
Suppose 13*l - 7*l - 2526 = 0. What is the units digit of l?
1
Let a(p) = -3*p + 1. Let d be a(-1). Suppose q = -d*q. Suppose -3*u + 5*b + 31 = q, 0 = -b - b - 4. What is the units digit of u?
7
Suppose -i + 152 = -46. What is the hundreds digit of i?
1
Let i(o) = o**2 + 11*o + 13. Let n(g) = g**3 - 10*g**2 + 8*g - 1. Let s be n(9). What is the units digit of i(s)?
3
Suppose -2*d + 4*d - 15 = -5*b, -5*b = 3*d - 10. Suppose 3*p - 8 = h, -8 = h - b*h + 2*p. What is the units digit of h?
4
Suppose 0 = -n + 4*p - 21 + 2, 2 = 2*p. Let s = -13 - n. What is the units digit of s?
2
Suppose -3*r + 5*s = 72, 0 = -2*r + 3*s + s - 50. Let l = r - -44. What is the units digit of l?
5
Suppose 40 + 107 = 3*a. What is the tens digit of a?
4
Let f(n) = n**3 - 5*n**2 + n - 2. What is the un